tors of o?
2, 3, 137
Let o be 2070/(-9)*(-1 - -2). Let f = o + 400. What are the prime factors of f?
2, 5, 17
Suppose -2*k + 4349 = 3*n - 6357, -n + 4*k = -3592. List the prime factors of n.
2, 19, 47
Suppose 42 = 4*q - 14. Suppose 16*w - q*w - 244 = 0. List the prime factors of w.
2, 61
Let r = 17 - 13. Suppose -r*d + 200 = 4*g - 0*g, 2*d + 4*g = 90. What are the prime factors of d?
5, 11
Suppose -y + 6 = 2*y. Let q = y + -2. Suppose 3*n - 34 = -2*k, q = -4*n + 2*n - k + 22. List the prime factors of n.
2, 5
Suppose -5*m - 25 + 120 = 0. List the prime factors of m + 8/(-4) + 0.
17
What are the prime factors of (257 + 3*(-8)/6)*1?
11, 23
Let j = -13 - -15. Suppose j*u + 5 - 19 = -3*i, -5*i + 2*u = -2. What are the prime factors of 2770/50 - i/5?
5, 11
Let h(z) = -46*z**2 - 5. Let w be h(-2). Let p = w + 340. What are the prime factors of p?
151
Suppose -6 = -5*r + 4. Suppose -38 = -5*d - 3*a, -4*d - 5*a = -r*d. Let x(l) = -l**3 + 10*l**2 + 3*l - 12. List the prime factors of x(d).
2, 3
Suppose 2*p - 2 = p. Suppose p*c = 20 + 36. Let s = c + -7. What are the prime factors of s?
3, 7
Let b = 186 + -120. List the prime factors of b.
2, 3, 11
Let f(z) = 4*z**3 - 5*z**2 - 10*z - 3. Let o(x) = 3*x**3 - x - 3*x**3 - 10*x - 5*x**2 - 2 + 5*x**3. Let l(n) = -4*f(n) + 3*o(n). List the prime factors of l(6).
2, 3
Let n = 19 + -20. List the prime factors of 58 + 2 + 3/n.
3, 19
Suppose 3*t - 6*t - t = 0. Suppose t = -4*z + 347 - 59. What are the prime factors of z?
2, 3
Let m = -896 - -1436. List the prime factors of m.
2, 3, 5
Suppose 7339 + 6168 = 13*y. What are the prime factors of y?
1039
Let p = -271 - -665. What are the prime factors of p?
2, 197
Suppose -2326 = -3*f + 1571. Suppose f = 4*k + 363. What are the prime factors of k?
2, 3, 13
Suppose 5*q + 2*u - 99 = 135, -4*q + 3*u = -201. What are the prime factors of q?
2, 3
Let v(g) = -g - 1. Let p(z) = -10*z. Let t(c) = -p(c) + 6*v(c). Suppose -2*x = -0*x - 10. What are the prime factors of t(x)?
2, 7
Suppose 15*y - 14*y - 74 = 0. Suppose 82 + y = 2*c. What are the prime factors of c?
2, 3, 13
Suppose -2108*x - 906 = -2109*x. List the prime factors of x.
2, 3, 151
Suppose -22*i + 23*i = 156. Suppose 3*x - x = i. What are the prime factors of x?
2, 3, 13
Let v(g) = g**3 - 3*g**2 - 3*g + 5. List the prime factors of v(4).
3
Let w(a) = -2*a + 12. Let s be w(5). Let h(u) = u**3 + 3*u - 6. List the prime factors of h(s).
2
Let g = 189 - 69. Let h(y) = 2*y. Let j be h(1). Suppose 6*o + 180 = 5*f + o, 4*f = -j*o + g. List the prime factors of f.
2
Suppose 5*y - 25 = -5*g, 0*g - 7 = y - 2*g. Let s(w) be the first derivative of 25*w**4/4 - 2*w**3/3 + w**2/2 + 2. List the prime factors of s(y).
2, 3
Suppose -2*h + 11 = 7. Suppose -18 = -t - 5*f, f - 30 = -t + h*f. What are the prime factors of t?
2, 7
Suppose 22 - 3522 = -10*t. What are the prime factors of t?
2, 5, 7
Suppose 11280 = -968*z + 976*z. What are the prime factors of z?
2, 3, 5, 47
Let l be 9/36 - 22/(-8). Let s(k) = 2*k**2 + 3*k**3 + 3*k**2 + 4*k - 8 - 2*k**l + 3*k**2. List the prime factors of s(-7).
13
Let q(p) = 2*p**3 - 2*p**2 + p. Let k(a) = -a**3 - a**2 + a. Let i(v) = k(v) + q(v). Let r be i(3). Suppose -r + 18 = x. List the prime factors of x.
2, 3
Let p = 354 + -502. Let f = -55 - p. List the prime factors of f.
3, 31
Suppose -g + 11 = w, 4*g - w = w + 44. Suppose -g*d = -195 - 124. What are the prime factors of d?
29
Suppose 73*q - 76*q + 528 = 0. List the prime factors of q.
2, 11
Let j be 50/(-3)*(-672)/35 + 1. Let y = -164 + j. What are the prime factors of y?
157
Suppose 2*h - 208 = -3*f, -269 = -5*f - h + 66. Suppose f = 5*o - 3*t, 0*o + 2*o = 3*t + 21. What are the prime factors of o?
3, 5
Suppose 0 = -8*g + 4*g + 1396. List the prime factors of g.
349
Let x(d) = -18*d. Let l(g) be the first derivative of -g**4/4 - 2*g**3/3 + 3*g**2/2 - g + 3. Let i be l(-3). List the prime factors of x(i).
2, 3
Let t(l) be the first derivative of -7*l**2 + 10*l + 5. Let j be t(-5). Suppose -j = -5*v - 0*v. List the prime factors of v.
2
Let d(i) = 138*i - 31. List the prime factors of d(14).
1901
Suppose -2*k + s = 5, -k - k = 3*s - 7. List the prime factors of (-3 + 10)*(35 + k).
2, 7, 17
Let z = 59 - 37. Let f = -40 + z. What are the prime factors of ((-64)/(-6))/((-4)/f)?
2, 3
Let h(s) = -9*s**3 - 4*s - 62. List the prime factors of h(-5).
3, 19
Suppose -2*w = 2*w - 48. Let m be 537/w - 2/(-8). Let h = m - 22. What are the prime factors of h?
23
Let z = 12 + -12. Let i = -5 - -8. Suppose 3*k - 52 = -5*b, z*k + 98 = 5*k - i*b. List the prime factors of k.
19
List the prime factors of (-17090)/(-42) - (-30)/315.
11, 37
Suppose -3*y + 2*j - 3 - 2 = 0, -4*y = -j. Let x(v) = -y + 2*v + 0 + 3*v**3 + 8*v**2 - 9*v**2. List the prime factors of x(1).
3
Let x(z) = 190*z - 76. List the prime factors of x(6).
2, 7, 19
Suppose -2*c + 34 = -b + 6*b, -5*b = -4*c + 8. Suppose -3*p + 60 = -9. Suppose -2*a + p = c. List the prime factors of a.
2
Let f be ((-5)/(-3))/((-17)/(-459)) - 3. Suppose -5*s + 2*s - 4*t + 63 = 0, 2*s - t = f. List the prime factors of s.
3, 7
Suppose -h - 42 = 5*q, -4*h + 30 = -2*q - 0*h. Let w(s) = s**3 + 9*s**2 - 9*s + 19. What are the prime factors of w(q)?
2, 5
Suppose -2928 = -18*z + 2*z. What are the prime factors of z?
3, 61
Let p = 1047 + 1065. What are the prime factors of p?
2, 3, 11
Let h(f) = -f**2 - 4*f + 1. Let n be h(-2). Suppose -3*z = -n*z + 488. Suppose -3*k + 140 = -4*g, 4*k + g + 51 - z = 0. List the prime factors of k.
2, 3
Let f(k) = -2*k - 3. Let y be f(-3). Suppose -96 = -o - y*o. List the prime factors of (o/30)/((-4)/(-30)).
2, 3
Suppose -4*q + 5794 = 3*h - 2*q, 4*h - 7720 = -4*q. List the prime factors of h.
2, 967
Suppose -2*t = m - 10 - 2, 0 = -3*m + t + 15. Suppose -4*x = 10 + m. Let s = 6 + x. List the prime factors of s.
2
Let q be (409 - -4) + 6/(-3). Suppose -4*p + 2*k = p - q, -4 = -2*k. What are the prime factors of p?
83
Let m be (1/2)/(10/(-600)). Let u = -13 - m. Let n = u - -14. What are the prime factors of n?
31
Let x(y) = -y + 18. List the prime factors of x(-48).
2, 3, 11
Let t = 3 + -3. Let j(y) = -y**2 + 5*y - 1. Let h be j(4). Suppose t = h*m - 24 + 3. List the prime factors of m.
7
Suppose 0 = 5*l + 35 - 5. What are the prime factors of l/((12/16)/(-1))?
2
Let j be ((-5)/(-2))/(-5)*0. Suppose 165 = 4*h - 3*o, j*h + 65 = 2*h - 5*o. List the prime factors of h.
3, 5
Let m(l) = l - 22. Let v be m(11). Let i(t) = -8*t + 24. List the prime factors of i(v).
2, 7
Let k(g) = -18*g**2 + 6*g - 5. Let y(t) = -17*t**2 + 6*t - 5. Let f(n) = 4*k(n) - 5*y(n). What are the prime factors of f(4)?
3, 7
Let i = 82 + -72. List the prime factors of i.
2, 5
Suppose 3*t - 68 = -2*j, 5*t = 3*j + 166 - 40. Let p = 73 - t. List the prime factors of p.
7
Suppose 14*m - 35 = 7*m. What are the prime factors of (30/(-9))/m*-24?
2
Suppose 5*i - 1143 = 142. Suppose -i = -3*u + 19. List the prime factors of u.
2, 23
Suppose 5*c = 16 + 9. Suppose c*o = 2*v - 129, o + 213 = 4*v - 0*v. Suppose 0 = 5*y - 5*w - 330, 2*w + v = -2*y + 196. What are the prime factors of y?
3, 23
Suppose 38 + 2 = 4*m. Let p(i) = -5*i + 15. Let j be p(m). What are the prime factors of (3 - j/(-3))*-3?
2, 13
Let x(k) = 3*k - 13. Let q be x(7). Let s = q + 2. List the prime factors of s.
2, 5
Let n(i) = 18*i + 171. List the prime factors of n(20).
3, 59
Suppose -5*t + 8 = -7. Let p be (-4)/(-6) - (-1)/t. What are the prime factors of (-12 + 1)/(p*-1)?
11
Suppose -4*m + 9 = -m. Suppose 10 = -3*u - 2*u, -m*n + 2*u + 226 = 0. What are the prime factors of n?
2, 37
Suppose -4*l + 4 + 12 = 0. Suppose 3*d = l*k + 179, -3*k - 2*k - 78 = -d. What are the prime factors of d?
53
Let w(l) = -80*l + 27. What are the prime factors of w(-5)?
7, 61
Let a = -53 - -57. Suppose 9*o - 4*o = -3*x + 629, 2*x = -a. List the prime factors of o.
127
Let q = 700 - 480. Suppose u - 5*u = j - q, -2*j = -u - 395. List the prime factors of j.
2, 5
Suppose -18036 = 5*j - 32*j. What are the prime factors of j?
2, 167
Suppose 10*i - 8*i - 6 = 0. Suppose i*n + 2 - 20 = 0. List the prime factors of n.
2, 3
Suppose -l = 7 - 10. Suppose -70 = -l*v + 38. Let u = -23 + v. What are the prime factors of u?
13
Let k(s) = -s**3 + 32*s**2 + 42*s - 72. List the prime factors of k(33).
3, 5
